244432?
244433
In base 3, what is -1020010 + 211012?
-101221
In base 3, what is 102121102100 + -1?
102121102022
In base 14, what is -5c8 - -2a?
-59c
In base 2, what is 11000110 + 111100?
100000010
In base 11, what is 5 - -13821?
13826
In base 8, what is 127 - 6314?
-6165
In base 4, what is -11 + 231003?
230332
In base 16, what is 13447 + -5?
13442
In base 11, what is 12 + 4001?
4013
In base 5, what is -2132014 + -31?
-2132100
In base 9, what is 8 + -1253?
-1244
In base 8, what is 4437 + -21?
4416
In base 7, what is 1242 + -24?
1215
In base 7, what is 15 + -103144?
-103126
In base 11, what is -783 + -477?
-114a
In base 8, what is -3 - 74324?
-74327
In base 9, what is -2130875 + 3?
-2130872
In base 14, what is -c1d3 - 1?
-c1d4
In base 16, what is 9d928 + 2?
9d92a
In base 16, what is -9 - 35?
-3e
In base 3, what is 221112200 + 12?
221112212
In base 13, what is 5 - 8362?
-835a
In base 3, what is -102020211020 + -2?
-102020211022
In base 14, what is -3d0 + 121c?
c2c
In base 3, what is -22120221 + -111?
-22121102
In base 3, what is 2001000201 - -12?
2001000220
In base 4, what is 10 - -21312?
21322
In base 8, what is 3 + -26262?
-26257
In base 2, what is -1110100 - -10001001?
10101
In base 3, what is -1021 - 20100220?
-20102011
In base 5, what is 21 - -101011?
101032
In base 5, what is -112012 - -3144?
-103313
In base 15, what is 2e + -110c?
-10cd
In base 14, what is -1 + -323d23?
-323d24
In base 5, what is 1 + 10034444?
10040000
In base 10, what is 10 + 51396?
51406
In base 2, what is 10011010001 - 10101011000?
-10000111
In base 5, what is -2341013 + -11?
-2341024
In base 15, what is 35a - -96?
401
In base 13, what is -267a + -a?
-2687
In base 3, what is -121000121122 - -12?
-121000121110
In base 3, what is -12210 + 102101001?
102011021
In base 4, what is -101230 - -321?
-100303
In base 16, what is -3 + -a9efa?
-a9efd
In base 16, what is 1 - 1253?
-1252
In base 13, what is -3 + 1064b?
10648
In base 7, what is 2 - 2224123?
-2224121
In base 12, what is -137 - 28?
-163
In base 5, what is 1313142 - 4?
1313133
In base 5, what is -4 - -244233?
244224
In base 16, what is -64 + -7bd?
-821
In base 11, what is 1 - 126a94?
-126a93
In base 6, what is -3 + -41340334?
-41340341
In base 2, what is -1000101001011101001 - 1?
-1000101001011101010
In base 4, what is -2 - -322211102?
322211100
In base 7, what is 54 - 1626?
-1542
In base 10, what is 1 + -1843?
-1842
In base 4, what is 2103100 - -11?
2103111
In base 10, what is -1743797 - 4?
-1743801
In base 4, what is 301 + -13300?
-12333
In base 14, what is -3 + 12b2c?
12b29
In base 4, what is 0 - 1100122031?
-1100122031
In base 7, what is 31452 + 4?
31456
In base 5, what is -33011 + -41?
-33102
In base 13, what is -1474b - 2?
-14750
In base 5, what is 2 + -3131001?
-3130444
In base 3, what is 22 + -1202002?
-1201210
In base 11, what is -21805 - 0?
-21805
In base 9, what is -35268 + 2?
-35266
In base 8, what is 32 + -574?
-542
In base 6, what is 1 - -234421?
234422
In base 14, what is 2c - b016?
-adc8
In base 16, what is 0 - ce41?
-ce41
In base 9, what is -380 + 3137?
2647
In base 13, what is -3 + -23402?
-23405
In base 14, what is 15a79 + 5?
15a80
In base 10, what is -1004 - 54?
-1058
In base 5, what is -200 - -23340?
23140
In base 4, what is -1112012 + -120?
-1112132
In base 15, what is 7c + 3d1?
45d
In base 8, what is -170 + -371?
-561
In base 3, what is 101211 + -1122010?
-1020022
In base 3, what is -11210012022122 + -10?
-11210012022202
In base 5, what is -1 + 4102122?
4102121
In base 3, what is -10021 - 10202?
-21000
In base 4, what is 3 + -20120221?
-20120212
In base 5, what is 0 + 3140240?
3140240
In base 6, what is 101031 + -13?
101014
In base 3, what is -1122 - -100110012?
100101120
In base 7, what is -1 - -445503?
445502
In base 11, what is -71 + -2640?
-2701
In base 8, what is 1 - 20746?
-20745
In base 6, what is -2043130 - -1?
-2043125
In base 11, what is 4 - a744?
-a740
In base 12, what is 0 - 13222?
-13222
In base 8, what is 5 - -254776?
255003
In base 13, what is 2228a - 4?
22286
In base 2, what is -11111010101011 + 101?
-11111010100110
In base 11, what is 65 + 418?
482
In base 11, what is 67295 + 7?
672a1
In base 3, what is 1120122010 - 11?
1120121222
In base 9, what is 74638 - 1?
74637
In base 10, what is -43 + 244?
201
In base 10, what is 101900 + 3?
101903
In base 10, what is -956 - -17?
-939
In base 13, what is -45016 - -2?
-45014
In base 15, what is -38c7e + 2?
-38c7c
In base 5, what is -3342 + -2243?
-11140
In base 8, what is 2244 - 767?
1255
In base 13, what is -76 - 9b?
-144
In base 4, what is 1303 - -10021?
11330
In base 3, what is 1110 - -100122221?
100201101
In base 13, what is -6 - 39a02?
-39a08
In base 13, what is -4 - 1973c8?
-1973cc
In base 8, what is -144220 - 0?
-144220
In base 2, what is 1 - 11000101011000?
-11000101010111
In base 10, what is 1 - 4360?
-4359
In base 16, what is -2 + 1344d?
1344b
In base 16, what is -4c8c - -1?
-4c8b
In base 3, what is 1112100202 - -10?
1112100212
In base 16, what is f + -2965?
-2956
In base 4, what is 10310 - 2013?
2231
In base 13, what is -8693 - -b?
-8685
In base 9, what is 376760 + -1?
376758
In base 4, what is 320 + 12212311?
12213231
In base 10, what is -4881031 - 3?
-4881034
In base 14, what is 1d + 2950?
296d
In base 9, what is -8 - 408553?
-408562
In base 15, what is 1431 + -32?
13ee
In base 7, what is 341121 + 6?
341130
In base 12, what is -16 + -744?
-75a
In base 16, what is -242fa + 4?
-242f6
In base 11, what is 7 - -36989?
36995
In base 7, what is -2 - -30566?
30564
In base 9, what is -2537132 + -5?
-2537137
In base 16, what is 570d8 + 3?
570db
In base 16, what is -18 - 6aa6?
-6abe
In base 14, what is -6 + -651d2?
-651d8
In base 12, what is -1953b + -5?
-19544
In base 10, what is 2 - 11526?
-11524
In base 11, what is -22 + -1401?
-1423
In base 6, what is -13443 - -11?
-13432
In base 8, what is 2 - -20314?
20316
In base 8, what is 170664 + 46?
170732
In base 3, what is -1001222100 - -12010?
-1001210020
In base 13, what is -1269b6 + -1?
-1269b7
In base 2, what is 1011010010111 - 1110?
1011010001001
In base 6, what is 2322455 - -41?
2322540
In base 16, what is 225 - 1d1?
54
In base 8, what is 31155 - -71?
31246
In base 16, what is 9cf6c - 0?
9cf6c
In base 13, what is 1032 - -34a?
137c
In base 3, what is -10 - -101211221002?
101211220222
In base 4, what is -13221220301 + -1?
-13221220302
In base 14, what is -4691 - 99?
-474a
In base 14, what is -5 - -2b87?
2b82
In base 13, what is -2767 - -92?
-26a5
In base 7, what is 31 + -201234?
-201203
In base 12, what is 4 + 2461?
2465
In base 14, what is 2ac91 + 0?
2ac91
In base 11, what is 270aa + -5?
270a5
In base 8, what is -727572 + 10?
-727562
In base 10, what is -65 - 21938?
-22003
In base 16, what is 183 - 7b?
108
In base 13, what is -345 - -a71?
729
In base 15, what is -ad + -111?
-1be
In base 7, what is 15512 + -12?
15500
In base 8, what is 52 + -707?
-635
In base 8, what is 20 + 4272?
4312
In base 2, what is 0 + 11110001001010110101?
11110001001010110101
In base 4, what is 31312 + 331?
32303
In base 9, what is -432138 + 3?
-432135
In base 5, what is 142 - 211220?
-211023
In base 4, what is 1202032 - 2002?
1200030
In base 3, what is -120100 - -2112?
-110211
In base 11, what is -756 - -111?
-645
In base 10, what is 23 - -1445?
1468
In base 3, what is 211 + 11122221?
11200202
In base 3, what is 1000220021 - -1000?
1000221021
In base 14, what is -5 - -d0b5?
d0b0
In base 2, what is 101 - 10101101010?
-10101100101
In base 15, what is -4 + 1d77?
1d73
In base 7, what is 5313135 - -1?
5313136
In base 5, what is 104 + -1014?
-410
In base 9, what is 10415 - 268?
10136
In base 12, what is 959 - -1?
95a
In base 13, what is -79 - 12090?
-12139
In base 14, what is 8 - -26b2?
26ba
In base 10, what is 7391 + 632?
8023
In base 11, what is -1 + 7761?
7760
In base 7, what is 5 - 1026131?
-1026123
In base 12, what is 60b24 - 5?
60b1b
In base 8, what is 74 + -6725?
-6631
In base 13, what is -1216 + 15?
-1201
In base 9, what is 4 - -16834?
16838
In base 5, what is -2103 + 11314?
4211
In base 11, what is -1394 + -13?
-13a7
In base 3, what is -2202101000 + 1220?
-2202022010
In base 13, what is a813a - 4?
a8136
In base 8, what is -110614 + 1?
-110613
In base 4, what is 112 - 13133210?
-13133032
In base 11, what is 